{"id":382,"date":"2021-05-18T09:06:09","date_gmt":"2021-05-18T07:06:09","guid":{"rendered":"https:\/\/egarclima.com\/ventilacion\/"},"modified":"2021-05-18T18:25:55","modified_gmt":"2021-05-18T16:25:55","slug":"ventilacio","status":"publish","type":"page","link":"https:\/\/egarclima.com\/ca\/serveis\/ventilacio\/","title":{"rendered":"Ventilaci\u00f3"},"content":{"rendered":"\n<style type=\"text\/css\" data-created_by=\"avia_inline_auto\" id=\"style-css-av-av_one_half-79ff81c021393065cee878051452f6a6\">\n.flex_column.av-av_one_half-79ff81c021393065cee878051452f6a6{\n-webkit-border-radius:0px 0px 0px 0px;\n-moz-border-radius:0px 0px 0px 0px;\nborder-radius:0px 0px 0px 0px;\npadding:0px 0px 0px 0px;\n}\n<\/style>\n<div  class='flex_column av-av_one_half-79ff81c021393065cee878051452f6a6 av_one_half  avia-builder-el-0  el_before_av_one_half  avia-builder-el-first  first flex_column_div av-zero-column-padding  '     ><p>\n<style type=\"text\/css\" data-created_by=\"avia_inline_auto\" id=\"style-css-av-kou8zeav-454aadfb88e751f6bfb3fa77d88d97a1\">\n#top .av-special-heading.av-kou8zeav-454aadfb88e751f6bfb3fa77d88d97a1{\npadding-bottom:10px;\n}\nbody .av-special-heading.av-kou8zeav-454aadfb88e751f6bfb3fa77d88d97a1 .av-special-heading-tag .heading-char{\nfont-size:25px;\n}\n.av-special-heading.av-kou8zeav-454aadfb88e751f6bfb3fa77d88d97a1 .av-subheading{\nfont-size:15px;\n}\n<\/style>\n<div  class='av-special-heading av-kou8zeav-454aadfb88e751f6bfb3fa77d88d97a1 av-special-heading-h1  avia-builder-el-1  el_before_av_textblock  avia-builder-el-first '><h1 class='av-special-heading-tag'  itemprop=\"headline\"  >Ventilaci\u00f3<\/h1><div class=\"special-heading-border\"><div class=\"special-heading-inner-border\"><\/div><\/div><\/div><br \/>\n<section  class='av_textblock_section av-kotpm59g-2a3726292d1433c967049f79bf917ee8 '   itemscope=\"itemscope\" itemtype=\"https:\/\/schema.org\/CreativeWork\" ><div class='avia_textblock'  itemprop=\"text\" ><p>Realitzem qualsevol instal\u00b7laci\u00f3 de ventilaci\u00f3. Des d&#8217;oficines, habitatges, naus industrials, p\u00e0rquings, fins a extracci\u00f3 de sales qu\u00edmiques. Tot aix\u00f2, complint sempre amb la normativa vigent.<\/p>\n<p>Tamb\u00e9 adeq\u00fcem les instal\u00b7lacions existents perqu\u00e8 puguin complir amb les noves exig\u00e8ncies tant del Codi T\u00e8cnic de l&#8217;Edificaci\u00f3 (CTE), com el Reglament d&#8217;Instal\u00b7lacions T\u00e8rmiques en Edificis (RITE).<\/p>\n<\/div><\/section><\/p><\/div>\n<style type=\"text\/css\" data-created_by=\"avia_inline_auto\" id=\"style-css-av-av_one_half-49f6e875884219cf77c24341e550af53\">\n.flex_column.av-av_one_half-49f6e875884219cf77c24341e550af53{\n-webkit-border-radius:0px 0px 0px 0px;\n-moz-border-radius:0px 0px 0px 0px;\nborder-radius:0px 0px 0px 0px;\npadding:0px 0px 0px 0px;\n}\n<\/style>\n<div  class='flex_column av-av_one_half-49f6e875884219cf77c24341e550af53 av_one_half  avia-builder-el-3  el_after_av_one_half  el_before_av_two_third  flex_column_div av-zero-column-padding  '     ><style type=\"text\/css\" data-created_by=\"avia_inline_auto\" id=\"style-css-av-kotpyub6-3b4c0ed1bf3cb87bb32e827d8a946945\">\n.avia-image-container.av-kotpyub6-3b4c0ed1bf3cb87bb32e827d8a946945 img.avia_image{\nbox-shadow:none;\n}\n.avia-image-container.av-kotpyub6-3b4c0ed1bf3cb87bb32e827d8a946945 .av-image-caption-overlay-center{\ncolor:#ffffff;\n}\n<\/style>\n<div  class='avia-image-container av-kotpyub6-3b4c0ed1bf3cb87bb32e827d8a946945 av-styling- avia-align-center  avia-builder-el-4  avia-builder-el-no-sibling '   itemprop=\"image\" itemscope=\"itemscope\" itemtype=\"https:\/\/schema.org\/ImageObject\" ><div class=\"avia-image-container-inner\"><div class=\"avia-image-overlay-wrap\"><img decoding=\"async\" class='wp-image-383 avia-img-lazy-loading-not-383 avia_image ' src=\"https:\/\/egarclima.com\/wp-content\/uploads\/2021\/05\/ventilacion1_359029694.jpg\" alt='' title='ventilacion1_359029694'  height=\"500\" width=\"800\"  itemprop=\"thumbnailUrl\" srcset=\"https:\/\/egarclima.com\/wp-content\/uploads\/2021\/05\/ventilacion1_359029694.jpg 800w, https:\/\/egarclima.com\/wp-content\/uploads\/2021\/05\/ventilacion1_359029694-300x188.jpg 300w, https:\/\/egarclima.com\/wp-content\/uploads\/2021\/05\/ventilacion1_359029694-768x480.jpg 768w, https:\/\/egarclima.com\/wp-content\/uploads\/2021\/05\/ventilacion1_359029694-705x441.jpg 705w\" sizes=\"(max-width: 800px) 100vw, 800px\" \/><\/div><\/div><\/div><\/div><\/p>\n\n<style type=\"text\/css\" data-created_by=\"avia_inline_auto\" id=\"style-css-av-av_two_third-79ff81c021393065cee878051452f6a6\">\n.flex_column.av-av_two_third-79ff81c021393065cee878051452f6a6{\n-webkit-border-radius:0px 0px 0px 0px;\n-moz-border-radius:0px 0px 0px 0px;\nborder-radius:0px 0px 0px 0px;\npadding:0px 0px 0px 0px;\n}\n<\/style>\n<div  class='flex_column av-av_two_third-79ff81c021393065cee878051452f6a6 av_two_third  avia-builder-el-5  el_after_av_one_half  el_before_av_one_third  first flex_column_div av-zero-column-padding  column-top-margin'     ><section  class='av_textblock_section av-kotpmlez-ab2ecd27473c64db6592dd0f47b51340 '   itemscope=\"itemscope\" itemtype=\"https:\/\/schema.org\/CreativeWork\" ><div class='avia_textblock'  itemprop=\"text\" ><div class=\"call-to-action__text\">\n<div class=\"call-to-action__text\">\n<h4 class=\"call-to-action__title\">Necessites un professional que t&#8217;assessori sobre els nostres serveis?<\/h4>\n<p class=\"call-to-action__subtitle hidden-xs\">Contacta amb nosaltres i t&#8217;informarem sense comprom\u00eds.<\/p>\n<\/div>\n<\/div>\n<\/div><\/section><\/div>\n\n<style type=\"text\/css\" data-created_by=\"avia_inline_auto\" id=\"style-css-av-av_one_third-49f6e875884219cf77c24341e550af53\">\n.flex_column.av-av_one_third-49f6e875884219cf77c24341e550af53{\n-webkit-border-radius:0px 0px 0px 0px;\n-moz-border-radius:0px 0px 0px 0px;\nborder-radius:0px 0px 0px 0px;\npadding:0px 0px 0px 0px;\n}\n<\/style>\n<div  class='flex_column av-av_one_third-49f6e875884219cf77c24341e550af53 av_one_third  avia-builder-el-7  el_after_av_two_third  avia-builder-el-last  flex_column_div av-zero-column-padding  column-top-margin'     ><div  class='avia-button-wrap av-kotpn3wm-15bb0b28384935f800c154b859cb395a-wrap avia-button-center  avia-builder-el-8  avia-builder-el-no-sibling '><a href='https:\/\/egarclima.com\/ca\/contacte\/'  class='avia-button av-kotpn3wm-15bb0b28384935f800c154b859cb395a avia-icon_select-no avia-size-large avia-position-center avia-color-theme-color'  ><span class='avia_iconbox_title' >Contacta\u2019ns<\/span><\/a><\/div><\/div>\n","protected":false},"excerpt":{"rendered":"","protected":false},"author":1,"featured_media":0,"parent":386,"menu_order":220,"comment_status":"closed","ping_status":"closed","template":"","meta":[],"yoast_head":"<!-- This site is optimized with the Yoast SEO plugin v20.9 - https:\/\/yoast.com\/wordpress\/plugins\/seo\/ -->\n<title>Ventilaci\u00f3 - EGARCLIMA<\/title>\n<meta name=\"description\" content=\"Realitzem qualsevol instal\u00b7laci\u00f3 de ventilaci\u00f3. Des d\u2019oficines, habitatges, naus industrials, p\u00e0rquings, fins a extracci\u00f3 de sales qu\u00edmiques.\" \/>\n<meta name=\"robots\" content=\"index, follow, max-snippet:-1, max-image-preview:large, max-video-preview:-1\" \/>\n<link rel=\"canonical\" href=\"https:\/\/egarclima.com\/ca\/serveis\/ventilacio\/\" \/>\n<meta name=\"twitter:label1\" content=\"Temps estimat de lectura\" \/>\n\t<meta name=\"twitter:data1\" content=\"4 minuts\" \/>\n<script type=\"application\/ld+json\" class=\"yoast-schema-graph\">{\"@context\":\"https:\/\/schema.org\",\"@graph\":[{\"@type\":\"WebPage\",\"@id\":\"https:\/\/egarclima.com\/ca\/serveis\/ventilacio\/\",\"url\":\"https:\/\/egarclima.com\/ca\/serveis\/ventilacio\/\",\"name\":\"Ventilaci\u00f3 - EGARCLIMA\",\"isPartOf\":{\"@id\":\"https:\/\/egarclima.com\/#website\"},\"datePublished\":\"2021-05-18T07:06:09+00:00\",\"dateModified\":\"2021-05-18T16:25:55+00:00\",\"description\":\"Realitzem qualsevol instal\u00b7laci\u00f3 de ventilaci\u00f3. Des d\u2019oficines, habitatges, naus industrials, p\u00e0rquings, fins a extracci\u00f3 de sales qu\u00edmiques.\",\"breadcrumb\":{\"@id\":\"https:\/\/egarclima.com\/ca\/serveis\/ventilacio\/#breadcrumb\"},\"inLanguage\":\"ca\",\"potentialAction\":[{\"@type\":\"ReadAction\",\"target\":[\"https:\/\/egarclima.com\/ca\/serveis\/ventilacio\/\"]}]},{\"@type\":\"BreadcrumbList\",\"@id\":\"https:\/\/egarclima.com\/ca\/serveis\/ventilacio\/#breadcrumb\",\"itemListElement\":[{\"@type\":\"ListItem\",\"position\":1,\"name\":\"Portada\",\"item\":\"https:\/\/egarclima.com\/ca\/\"},{\"@type\":\"ListItem\",\"position\":2,\"name\":\"Serveis\",\"item\":\"https:\/\/egarclima.com\/ca\/serveis\/\"},{\"@type\":\"ListItem\",\"position\":3,\"name\":\"Ventilaci\u00f3\"}]},{\"@type\":\"WebSite\",\"@id\":\"https:\/\/egarclima.com\/#website\",\"url\":\"https:\/\/egarclima.com\/\",\"name\":\"EGARCLIMA\",\"description\":\"EGARCLIMA\",\"potentialAction\":[{\"@type\":\"SearchAction\",\"target\":{\"@type\":\"EntryPoint\",\"urlTemplate\":\"https:\/\/egarclima.com\/?s={search_term_string}\"},\"query-input\":\"required name=search_term_string\"}],\"inLanguage\":\"ca\"}]}<\/script>\n<!-- \/ Yoast SEO plugin. -->","yoast_head_json":{"title":"Ventilaci\u00f3 - EGARCLIMA","description":"Realitzem qualsevol instal\u00b7laci\u00f3 de ventilaci\u00f3. Des d\u2019oficines, habitatges, naus industrials, p\u00e0rquings, fins a extracci\u00f3 de sales qu\u00edmiques.","robots":{"index":"index","follow":"follow","max-snippet":"max-snippet:-1","max-image-preview":"max-image-preview:large","max-video-preview":"max-video-preview:-1"},"canonical":"https:\/\/egarclima.com\/ca\/serveis\/ventilacio\/","twitter_misc":{"Temps estimat de lectura":"4 minuts"},"schema":{"@context":"https:\/\/schema.org","@graph":[{"@type":"WebPage","@id":"https:\/\/egarclima.com\/ca\/serveis\/ventilacio\/","url":"https:\/\/egarclima.com\/ca\/serveis\/ventilacio\/","name":"Ventilaci\u00f3 - EGARCLIMA","isPartOf":{"@id":"https:\/\/egarclima.com\/#website"},"datePublished":"2021-05-18T07:06:09+00:00","dateModified":"2021-05-18T16:25:55+00:00","description":"Realitzem qualsevol instal\u00b7laci\u00f3 de ventilaci\u00f3. Des d\u2019oficines, habitatges, naus industrials, p\u00e0rquings, fins a extracci\u00f3 de sales qu\u00edmiques.","breadcrumb":{"@id":"https:\/\/egarclima.com\/ca\/serveis\/ventilacio\/#breadcrumb"},"inLanguage":"ca","potentialAction":[{"@type":"ReadAction","target":["https:\/\/egarclima.com\/ca\/serveis\/ventilacio\/"]}]},{"@type":"BreadcrumbList","@id":"https:\/\/egarclima.com\/ca\/serveis\/ventilacio\/#breadcrumb","itemListElement":[{"@type":"ListItem","position":1,"name":"Portada","item":"https:\/\/egarclima.com\/ca\/"},{"@type":"ListItem","position":2,"name":"Serveis","item":"https:\/\/egarclima.com\/ca\/serveis\/"},{"@type":"ListItem","position":3,"name":"Ventilaci\u00f3"}]},{"@type":"WebSite","@id":"https:\/\/egarclima.com\/#website","url":"https:\/\/egarclima.com\/","name":"EGARCLIMA","description":"EGARCLIMA","potentialAction":[{"@type":"SearchAction","target":{"@type":"EntryPoint","urlTemplate":"https:\/\/egarclima.com\/?s={search_term_string}"},"query-input":"required name=search_term_string"}],"inLanguage":"ca"}]}},"_links":{"self":[{"href":"https:\/\/egarclima.com\/ca\/wp-json\/wp\/v2\/pages\/382"}],"collection":[{"href":"https:\/\/egarclima.com\/ca\/wp-json\/wp\/v2\/pages"}],"about":[{"href":"https:\/\/egarclima.com\/ca\/wp-json\/wp\/v2\/types\/page"}],"author":[{"embeddable":true,"href":"https:\/\/egarclima.com\/ca\/wp-json\/wp\/v2\/users\/1"}],"replies":[{"embeddable":true,"href":"https:\/\/egarclima.com\/ca\/wp-json\/wp\/v2\/comments?post=382"}],"version-history":[{"count":4,"href":"https:\/\/egarclima.com\/ca\/wp-json\/wp\/v2\/pages\/382\/revisions"}],"predecessor-version":[{"id":504,"href":"https:\/\/egarclima.com\/ca\/wp-json\/wp\/v2\/pages\/382\/revisions\/504"}],"up":[{"embeddable":true,"href":"https:\/\/egarclima.com\/ca\/wp-json\/wp\/v2\/pages\/386"}],"wp:attachment":[{"href":"https:\/\/egarclima.com\/ca\/wp-json\/wp\/v2\/media?parent=382"}],"curies":[{"name":"wp","href":"https:\/\/api.w.org\/{rel}","templated":true}]}}

Ventilació

<style type="text/css" data-created_by="avia_inline_auto" id="style-css-av-av_one_half-79ff81c021393065cee878051452f6a6">
.flex_column.av-av_one_half-79ff81c021393065cee878051452f6a6{
-webkit-border-radius:0px 0px 0px 0px;
-moz-border-radius:0px 0px 0px 0px;
border-radius:0px 0px 0px 0px;
padding:0px 0px 0px 0px;
}
</style>
<div  class='flex_column av-av_one_half-79ff81c021393065cee878051452f6a6 av_one_half  avia-builder-el-0  el_before_av_one_half  avia-builder-el-first  first flex_column_div av-zero-column-padding  '     ><p>
<style type="text/css" data-created_by="avia_inline_auto" id="style-css-av-kou8zeav-454aadfb88e751f6bfb3fa77d88d97a1">
#top .av-special-heading.av-kou8zeav-454aadfb88e751f6bfb3fa77d88d97a1{
padding-bottom:10px;
}
body .av-special-heading.av-kou8zeav-454aadfb88e751f6bfb3fa77d88d97a1 .av-special-heading-tag .heading-char{
font-size:25px;
}
.av-special-heading.av-kou8zeav-454aadfb88e751f6bfb3fa77d88d97a1 .av-subheading{
font-size:15px;
}
</style>
<div  class='av-special-heading av-kou8zeav-454aadfb88e751f6bfb3fa77d88d97a1 av-special-heading-h1  avia-builder-el-1  el_before_av_textblock  avia-builder-el-first '><h1 class='av-special-heading-tag'  itemprop="headline"  >Ventilació</h1><div class="special-heading-border"><div class="special-heading-inner-border"></div></div></div><br />
<section  class='av_textblock_section av-kotpm59g-2a3726292d1433c967049f79bf917ee8 '   itemscope="itemscope" itemtype="https://schema.org/CreativeWork" ><div class='avia_textblock'  itemprop="text" ><p>Realitzem qualsevol instal·lació de ventilació. Des d&#8217;oficines, habitatges, naus industrials, pàrquings, fins a extracció de sales químiques. Tot això, complint sempre amb la normativa vigent.</p>
<p>També adeqüem les instal·lacions existents perquè puguin complir amb les noves exigències tant del Codi Tècnic de l&#8217;Edificació (CTE), com el Reglament d&#8217;Instal·lacions Tèrmiques en Edificis (RITE).</p>
</div></section></p></div>
<style type="text/css" data-created_by="avia_inline_auto" id="style-css-av-av_one_half-49f6e875884219cf77c24341e550af53">
.flex_column.av-av_one_half-49f6e875884219cf77c24341e550af53{
-webkit-border-radius:0px 0px 0px 0px;
-moz-border-radius:0px 0px 0px 0px;
border-radius:0px 0px 0px 0px;
padding:0px 0px 0px 0px;
}
</style>
<div  class='flex_column av-av_one_half-49f6e875884219cf77c24341e550af53 av_one_half  avia-builder-el-3  el_after_av_one_half  el_before_av_two_third  flex_column_div av-zero-column-padding  '     ><style type="text/css" data-created_by="avia_inline_auto" id="style-css-av-kotpyub6-3b4c0ed1bf3cb87bb32e827d8a946945">
.avia-image-container.av-kotpyub6-3b4c0ed1bf3cb87bb32e827d8a946945 img.avia_image{
box-shadow:none;
}
.avia-image-container.av-kotpyub6-3b4c0ed1bf3cb87bb32e827d8a946945 .av-image-caption-overlay-center{
color:#ffffff;
}
</style>
<div  class='avia-image-container av-kotpyub6-3b4c0ed1bf3cb87bb32e827d8a946945 av-styling- avia-align-center  avia-builder-el-4  avia-builder-el-no-sibling '   itemprop="image" itemscope="itemscope" itemtype="https://schema.org/ImageObject" ><div class="avia-image-container-inner"><div class="avia-image-overlay-wrap"><img decoding="async" class='wp-image-383 avia-img-lazy-loading-not-383 avia_image ' src="https://egarclima.com/wp-content/uploads/2021/05/ventilacion1_359029694.jpg" alt='' title='ventilacion1_359029694'  height="500" width="800"  itemprop="thumbnailUrl" srcset="https://egarclima.com/wp-content/uploads/2021/05/ventilacion1_359029694.jpg 800w, https://egarclima.com/wp-content/uploads/2021/05/ventilacion1_359029694-300x188.jpg 300w, https://egarclima.com/wp-content/uploads/2021/05/ventilacion1_359029694-768x480.jpg 768w, https://egarclima.com/wp-content/uploads/2021/05/ventilacion1_359029694-705x441.jpg 705w" sizes="(max-width: 800px) 100vw, 800px" /></div></div></div></div></p>

<style type="text/css" data-created_by="avia_inline_auto" id="style-css-av-av_two_third-79ff81c021393065cee878051452f6a6">
.flex_column.av-av_two_third-79ff81c021393065cee878051452f6a6{
-webkit-border-radius:0px 0px 0px 0px;
-moz-border-radius:0px 0px 0px 0px;
border-radius:0px 0px 0px 0px;
padding:0px 0px 0px 0px;
}
</style>
<div  class='flex_column av-av_two_third-79ff81c021393065cee878051452f6a6 av_two_third  avia-builder-el-5  el_after_av_one_half  el_before_av_one_third  first flex_column_div av-zero-column-padding  column-top-margin'     ><section  class='av_textblock_section av-kotpmlez-ab2ecd27473c64db6592dd0f47b51340 '   itemscope="itemscope" itemtype="https://schema.org/CreativeWork" ><div class='avia_textblock'  itemprop="text" ><div class="call-to-action__text">
<div class="call-to-action__text">
<h4 class="call-to-action__title">Necessites un professional que t&#8217;assessori sobre els nostres serveis?</h4>
<p class="call-to-action__subtitle hidden-xs">Contacta amb nosaltres i t&#8217;informarem sense compromís.</p>
</div>
</div>
</div></section></div>

<style type="text/css" data-created_by="avia_inline_auto" id="style-css-av-av_one_third-49f6e875884219cf77c24341e550af53">
.flex_column.av-av_one_third-49f6e875884219cf77c24341e550af53{
-webkit-border-radius:0px 0px 0px 0px;
-moz-border-radius:0px 0px 0px 0px;
border-radius:0px 0px 0px 0px;
padding:0px 0px 0px 0px;
}
</style>
<div  class='flex_column av-av_one_third-49f6e875884219cf77c24341e550af53 av_one_third  avia-builder-el-7  el_after_av_two_third  avia-builder-el-last  flex_column_div av-zero-column-padding  column-top-margin'     ><div  class='avia-button-wrap av-kotpn3wm-15bb0b28384935f800c154b859cb395a-wrap avia-button-center  avia-builder-el-8  avia-builder-el-no-sibling '><a href='https://egarclima.com/ca/contacte/'  class='avia-button av-kotpn3wm-15bb0b28384935f800c154b859cb395a avia-icon_select-no avia-size-large avia-position-center avia-color-theme-color'  ><span class='avia_iconbox_title' >Contacta’ns</span></a></div></div>

<!-- This site is optimized with the Yoast SEO plugin v20.9 - https://yoast.com/wordpress/plugins/seo/ -->
<title>Ventilació - EGARCLIMA</title>
<meta name="description" content="Realitzem qualsevol instal·lació de ventilació. Des d’oficines, habitatges, naus industrials, pàrquings, fins a extracció de sales químiques." />
<meta name="robots" content="index, follow, max-snippet:-1, max-image-preview:large, max-video-preview:-1" />
<link rel="canonical" href="https://egarclima.com/ca/serveis/ventilacio/" />
<meta name="twitter:label1" content="Temps estimat de lectura" />
	<meta name="twitter:data1" content="4 minuts" />
<script type="application/ld+json" class="yoast-schema-graph">{"@context":"https://schema.org","@graph":[{"@type":"WebPage","@id":"https://egarclima.com/ca/serveis/ventilacio/","url":"https://egarclima.com/ca/serveis/ventilacio/","name":"Ventilació - EGARCLIMA","isPartOf":{"@id":"https://egarclima.com/#website"},"datePublished":"2021-05-18T07:06:09+00:00","dateModified":"2021-05-18T16:25:55+00:00","description":"Realitzem qualsevol instal·lació de ventilació. Des d’oficines, habitatges, naus industrials, pàrquings, fins a extracció de sales químiques.","breadcrumb":{"@id":"https://egarclima.com/ca/serveis/ventilacio/#breadcrumb"},"inLanguage":"ca","potentialAction":[{"@type":"ReadAction","target":["https://egarclima.com/ca/serveis/ventilacio/"]}]},{"@type":"BreadcrumbList","@id":"https://egarclima.com/ca/serveis/ventilacio/#breadcrumb","itemListElement":[{"@type":"ListItem","position":1,"name":"Portada","item":"https://egarclima.com/ca/"},{"@type":"ListItem","position":2,"name":"Serveis","item":"https://egarclima.com/ca/serveis/"},{"@type":"ListItem","position":3,"name":"Ventilació"}]},{"@type":"WebSite","@id":"https://egarclima.com/#website","url":"https://egarclima.com/","name":"EGARCLIMA","description":"EGARCLIMA","potentialAction":[{"@type":"SearchAction","target":{"@type":"EntryPoint","urlTemplate":"https://egarclima.com/?s={search_term_string}"},"query-input":"required name=search_term_string"}],"inLanguage":"ca"}]}</script>
<!-- / Yoast SEO plugin. -->

Ventilació - EGARCLIMA

Realitzem qualsevol instal·lació de ventilació. Des d’oficines, habitatges, naus industrials, pàrquings, fins a extracció de sales químiques.
