{"id":375,"date":"2021-05-18T09:06:10","date_gmt":"2021-05-18T07:06:10","guid":{"rendered":"https:\/\/egarclima.com\/frio-industrial\/"},"modified":"2021-05-18T18:26:30","modified_gmt":"2021-05-18T16:26:30","slug":"fred-industrial","status":"publish","type":"page","link":"https:\/\/egarclima.com\/ca\/serveis\/fred-industrial\/","title":{"rendered":"Fred Industrial"},"content":{"rendered":"\n<style type=\"text\/css\" data-created_by=\"avia_inline_auto\" id=\"style-css-av-kou906v1-e3e96e44b1dfe7c58b7b9b37337d8f96\">\n#top .av-special-heading.av-kou906v1-e3e96e44b1dfe7c58b7b9b37337d8f96{\npadding-bottom:10px;\n}\nbody .av-special-heading.av-kou906v1-e3e96e44b1dfe7c58b7b9b37337d8f96 .av-special-heading-tag .heading-char{\nfont-size:25px;\n}\n.av-special-heading.av-kou906v1-e3e96e44b1dfe7c58b7b9b37337d8f96 .av-subheading{\nfont-size:15px;\n}\n<\/style>\n<div  class='av-special-heading av-kou906v1-e3e96e44b1dfe7c58b7b9b37337d8f96 av-special-heading-h1  avia-builder-el-0  el_before_av_one_half  avia-builder-el-first '><h1 class='av-special-heading-tag'  itemprop=\"headline\"  >Fred Industrial<\/h1><div class=\"special-heading-border\"><div class=\"special-heading-inner-border\"><\/div><\/div><\/div>\n\n<style type=\"text\/css\" data-created_by=\"avia_inline_auto\" id=\"style-css-av-av_one_half-79ff81c021393065cee878051452f6a6\">\n.flex_column.av-av_one_half-79ff81c021393065cee878051452f6a6{\n-webkit-border-radius:0px 0px 0px 0px;\n-moz-border-radius:0px 0px 0px 0px;\nborder-radius:0px 0px 0px 0px;\npadding:0px 0px 0px 0px;\n}\n<\/style>\n<div  class='flex_column av-av_one_half-79ff81c021393065cee878051452f6a6 av_one_half  avia-builder-el-1  el_after_av_heading  el_before_av_one_half  first flex_column_div av-zero-column-padding  '     ><section  class='av_textblock_section av-kotpm59g-2a3726292d1433c967049f79bf917ee8 '   itemscope=\"itemscope\" itemtype=\"https:\/\/schema.org\/CreativeWork\" ><div class='avia_textblock'  itemprop=\"text\" ><p>Especialistes a realitzar instal\u00b7lacions per a naus industrials, amb processos de producci\u00f3 que requereixin d&#8217;un sistema de refrigeraci\u00f3. Donant la millor soluci\u00f3 per a cada cas.<\/p>\n<p>Realitzem muntatges de plantes refredadores, forns d&#8217;assecat, climatitzaci\u00f3 de naus mitjan\u00e7ant refredament adiab\u00e0tic, refrigeraci\u00f3 de quadres el\u00e8ctrics, etc\u2026<\/p>\n<p>Sabem l&#8217;important que \u00e9s la refrigeraci\u00f3 industrial. Les fallades de les plantes enfriadoras, c\u00e0meres, forns i qualsevol altra m\u00e0quina, poden provocar interrupcions de producci\u00f3. Provocant grav\u00edssims problemes econ\u00f2mics. \u00c9s per aix\u00f2 que Egarclima, ha de garantir als seus clients una intervenci\u00f3 en terminis inferiors a 24 h.<\/p>\n<\/div><\/section><\/div>\n<style type=\"text\/css\" data-created_by=\"avia_inline_auto\" id=\"style-css-av-av_one_half-49f6e875884219cf77c24341e550af53\">\n.flex_column.av-av_one_half-49f6e875884219cf77c24341e550af53{\n-webkit-border-radius:0px 0px 0px 0px;\n-moz-border-radius:0px 0px 0px 0px;\nborder-radius:0px 0px 0px 0px;\npadding:0px 0px 0px 0px;\n}\n<\/style>\n<div  class='flex_column av-av_one_half-49f6e875884219cf77c24341e550af53 av_one_half  avia-builder-el-3  el_after_av_one_half  el_before_av_two_third  flex_column_div av-zero-column-padding  '     ><style type=\"text\/css\" data-created_by=\"avia_inline_auto\" id=\"style-css-av-kotpz1jy-a99e18939a3cacf46b2ad1033b7c1a9a\">\n.avia-image-container.av-kotpz1jy-a99e18939a3cacf46b2ad1033b7c1a9a img.avia_image{\nbox-shadow:none;\n}\n.avia-image-container.av-kotpz1jy-a99e18939a3cacf46b2ad1033b7c1a9a .av-image-caption-overlay-center{\ncolor:#ffffff;\n}\n<\/style>\n<div  class='avia-image-container av-kotpz1jy-a99e18939a3cacf46b2ad1033b7c1a9a av-styling- avia-align-center  avia-builder-el-4  avia-builder-el-no-sibling '   itemprop=\"image\" itemscope=\"itemscope\" itemtype=\"https:\/\/schema.org\/ImageObject\" ><div class=\"avia-image-container-inner\"><div class=\"avia-image-overlay-wrap\"><img decoding=\"async\" class='wp-image-376 avia-img-lazy-loading-not-376 avia_image ' src=\"https:\/\/egarclima.com\/wp-content\/uploads\/2021\/05\/refrigeracion1_378918220.jpg\" alt='' title=''  height=\"500\" width=\"800\"  itemprop=\"thumbnailUrl\" srcset=\"https:\/\/egarclima.com\/wp-content\/uploads\/2021\/05\/refrigeracion1_378918220.jpg 800w, https:\/\/egarclima.com\/wp-content\/uploads\/2021\/05\/refrigeracion1_378918220-300x188.jpg 300w, https:\/\/egarclima.com\/wp-content\/uploads\/2021\/05\/refrigeracion1_378918220-768x480.jpg 768w, https:\/\/egarclima.com\/wp-content\/uploads\/2021\/05\/refrigeracion1_378918220-705x441.jpg 705w\" sizes=\"(max-width: 800px) 100vw, 800px\" \/><\/div><\/div><\/div><\/div><\/p>\n\n<style type=\"text\/css\" data-created_by=\"avia_inline_auto\" id=\"style-css-av-av_two_third-79ff81c021393065cee878051452f6a6\">\n.flex_column.av-av_two_third-79ff81c021393065cee878051452f6a6{\n-webkit-border-radius:0px 0px 0px 0px;\n-moz-border-radius:0px 0px 0px 0px;\nborder-radius:0px 0px 0px 0px;\npadding:0px 0px 0px 0px;\n}\n<\/style>\n<div  class='flex_column av-av_two_third-79ff81c021393065cee878051452f6a6 av_two_third  avia-builder-el-5  el_after_av_one_half  el_before_av_one_third  first flex_column_div av-zero-column-padding  column-top-margin'     ><section  class='av_textblock_section av-kotpmlez-ab2ecd27473c64db6592dd0f47b51340 '   itemscope=\"itemscope\" itemtype=\"https:\/\/schema.org\/CreativeWork\" ><div class='avia_textblock'  itemprop=\"text\" ><div class=\"call-to-action__text\">\n<div class=\"call-to-action__text\">\n<h4 class=\"call-to-action__title\">Necessites un professional que t&#8217;assessori sobre els nostres serveis?<\/h4>\n<p class=\"call-to-action__subtitle hidden-xs\">Contacta amb nosaltres i t&#8217;informarem sense comprom\u00eds.<\/p>\n<\/div>\n<\/div>\n<\/div><\/section><\/div>\n\n<style type=\"text\/css\" data-created_by=\"avia_inline_auto\" id=\"style-css-av-av_one_third-49f6e875884219cf77c24341e550af53\">\n.flex_column.av-av_one_third-49f6e875884219cf77c24341e550af53{\n-webkit-border-radius:0px 0px 0px 0px;\n-moz-border-radius:0px 0px 0px 0px;\nborder-radius:0px 0px 0px 0px;\npadding:0px 0px 0px 0px;\n}\n<\/style>\n<div  class='flex_column av-av_one_third-49f6e875884219cf77c24341e550af53 av_one_third  avia-builder-el-7  el_after_av_two_third  avia-builder-el-last  flex_column_div av-zero-column-padding  column-top-margin'     ><div  class='avia-button-wrap av-kotpn3wm-15bb0b28384935f800c154b859cb395a-wrap avia-button-center  avia-builder-el-8  avia-builder-el-no-sibling '><a href='https:\/\/egarclima.com\/ca\/contacte\/'  class='avia-button av-kotpn3wm-15bb0b28384935f800c154b859cb395a avia-icon_select-no avia-size-large avia-position-center avia-color-theme-color'  ><span class='avia_iconbox_title' >Contacta\u2019ns<\/span><\/a><\/div><\/div>\n","protected":false},"excerpt":{"rendered":"","protected":false},"author":1,"featured_media":0,"parent":386,"menu_order":230,"comment_status":"closed","ping_status":"closed","template":"","meta":[],"yoast_head":"<!-- This site is optimized with the Yoast SEO plugin v20.9 - https:\/\/yoast.com\/wordpress\/plugins\/seo\/ -->\n<title>Fred Industrial - EGARCLIMA<\/title>\n<meta name=\"description\" content=\"Especialistes a realitzar instal\u00b7lacions per a naus industrials, amb processos de producci\u00f3 que requereixin d\u2019un sistema de refrigeraci\u00f3\" \/>\n<meta name=\"robots\" content=\"index, follow, max-snippet:-1, max-image-preview:large, max-video-preview:-1\" \/>\n<link rel=\"canonical\" href=\"https:\/\/egarclima.com\/ca\/serveis\/fred-industrial\/\" \/>\n<meta name=\"twitter:label1\" content=\"Temps estimat de lectura\" \/>\n\t<meta name=\"twitter:data1\" content=\"4 minuts\" \/>\n<script type=\"application\/ld+json\" class=\"yoast-schema-graph\">{\"@context\":\"https:\/\/schema.org\",\"@graph\":[{\"@type\":\"WebPage\",\"@id\":\"https:\/\/egarclima.com\/ca\/serveis\/fred-industrial\/\",\"url\":\"https:\/\/egarclima.com\/ca\/serveis\/fred-industrial\/\",\"name\":\"Fred Industrial - EGARCLIMA\",\"isPartOf\":{\"@id\":\"https:\/\/egarclima.com\/#website\"},\"datePublished\":\"2021-05-18T07:06:10+00:00\",\"dateModified\":\"2021-05-18T16:26:30+00:00\",\"description\":\"Especialistes a realitzar instal\u00b7lacions per a naus industrials, amb processos de producci\u00f3 que requereixin d\u2019un sistema de refrigeraci\u00f3\",\"breadcrumb\":{\"@id\":\"https:\/\/egarclima.com\/ca\/serveis\/fred-industrial\/#breadcrumb\"},\"inLanguage\":\"ca\",\"potentialAction\":[{\"@type\":\"ReadAction\",\"target\":[\"https:\/\/egarclima.com\/ca\/serveis\/fred-industrial\/\"]}]},{\"@type\":\"BreadcrumbList\",\"@id\":\"https:\/\/egarclima.com\/ca\/serveis\/fred-industrial\/#breadcrumb\",\"itemListElement\":[{\"@type\":\"ListItem\",\"position\":1,\"name\":\"Portada\",\"item\":\"https:\/\/egarclima.com\/ca\/\"},{\"@type\":\"ListItem\",\"position\":2,\"name\":\"Serveis\",\"item\":\"https:\/\/egarclima.com\/ca\/serveis\/\"},{\"@type\":\"ListItem\",\"position\":3,\"name\":\"Fred Industrial\"}]},{\"@type\":\"WebSite\",\"@id\":\"https:\/\/egarclima.com\/#website\",\"url\":\"https:\/\/egarclima.com\/\",\"name\":\"EGARCLIMA\",\"description\":\"EGARCLIMA\",\"potentialAction\":[{\"@type\":\"SearchAction\",\"target\":{\"@type\":\"EntryPoint\",\"urlTemplate\":\"https:\/\/egarclima.com\/?s={search_term_string}\"},\"query-input\":\"required name=search_term_string\"}],\"inLanguage\":\"ca\"}]}<\/script>\n<!-- \/ Yoast SEO plugin. -->","yoast_head_json":{"title":"Fred Industrial - EGARCLIMA","description":"Especialistes a realitzar instal\u00b7lacions per a naus industrials, amb processos de producci\u00f3 que requereixin d\u2019un sistema de refrigeraci\u00f3","robots":{"index":"index","follow":"follow","max-snippet":"max-snippet:-1","max-image-preview":"max-image-preview:large","max-video-preview":"max-video-preview:-1"},"canonical":"https:\/\/egarclima.com\/ca\/serveis\/fred-industrial\/","twitter_misc":{"Temps estimat de lectura":"4 minuts"},"schema":{"@context":"https:\/\/schema.org","@graph":[{"@type":"WebPage","@id":"https:\/\/egarclima.com\/ca\/serveis\/fred-industrial\/","url":"https:\/\/egarclima.com\/ca\/serveis\/fred-industrial\/","name":"Fred Industrial - EGARCLIMA","isPartOf":{"@id":"https:\/\/egarclima.com\/#website"},"datePublished":"2021-05-18T07:06:10+00:00","dateModified":"2021-05-18T16:26:30+00:00","description":"Especialistes a realitzar instal\u00b7lacions per a naus industrials, amb processos de producci\u00f3 que requereixin d\u2019un sistema de refrigeraci\u00f3","breadcrumb":{"@id":"https:\/\/egarclima.com\/ca\/serveis\/fred-industrial\/#breadcrumb"},"inLanguage":"ca","potentialAction":[{"@type":"ReadAction","target":["https:\/\/egarclima.com\/ca\/serveis\/fred-industrial\/"]}]},{"@type":"BreadcrumbList","@id":"https:\/\/egarclima.com\/ca\/serveis\/fred-industrial\/#breadcrumb","itemListElement":[{"@type":"ListItem","position":1,"name":"Portada","item":"https:\/\/egarclima.com\/ca\/"},{"@type":"ListItem","position":2,"name":"Serveis","item":"https:\/\/egarclima.com\/ca\/serveis\/"},{"@type":"ListItem","position":3,"name":"Fred Industrial"}]},{"@type":"WebSite","@id":"https:\/\/egarclima.com\/#website","url":"https:\/\/egarclima.com\/","name":"EGARCLIMA","description":"EGARCLIMA","potentialAction":[{"@type":"SearchAction","target":{"@type":"EntryPoint","urlTemplate":"https:\/\/egarclima.com\/?s={search_term_string}"},"query-input":"required name=search_term_string"}],"inLanguage":"ca"}]}},"_links":{"self":[{"href":"https:\/\/egarclima.com\/ca\/wp-json\/wp\/v2\/pages\/375"}],"collection":[{"href":"https:\/\/egarclima.com\/ca\/wp-json\/wp\/v2\/pages"}],"about":[{"href":"https:\/\/egarclima.com\/ca\/wp-json\/wp\/v2\/types\/page"}],"author":[{"embeddable":true,"href":"https:\/\/egarclima.com\/ca\/wp-json\/wp\/v2\/users\/1"}],"replies":[{"embeddable":true,"href":"https:\/\/egarclima.com\/ca\/wp-json\/wp\/v2\/comments?post=375"}],"version-history":[{"count":4,"href":"https:\/\/egarclima.com\/ca\/wp-json\/wp\/v2\/pages\/375\/revisions"}],"predecessor-version":[{"id":505,"href":"https:\/\/egarclima.com\/ca\/wp-json\/wp\/v2\/pages\/375\/revisions\/505"}],"up":[{"embeddable":true,"href":"https:\/\/egarclima.com\/ca\/wp-json\/wp\/v2\/pages\/386"}],"wp:attachment":[{"href":"https:\/\/egarclima.com\/ca\/wp-json\/wp\/v2\/media?parent=375"}],"curies":[{"name":"wp","href":"https:\/\/api.w.org\/{rel}","templated":true}]}}

<style type="text/css" data-created_by="avia_inline_auto" id="style-css-av-kou906v1-e3e96e44b1dfe7c58b7b9b37337d8f96">
#top .av-special-heading.av-kou906v1-e3e96e44b1dfe7c58b7b9b37337d8f96{
padding-bottom:10px;
}
body .av-special-heading.av-kou906v1-e3e96e44b1dfe7c58b7b9b37337d8f96 .av-special-heading-tag .heading-char{
font-size:25px;
}
.av-special-heading.av-kou906v1-e3e96e44b1dfe7c58b7b9b37337d8f96 .av-subheading{
font-size:15px;
}
</style>
<div  class='av-special-heading av-kou906v1-e3e96e44b1dfe7c58b7b9b37337d8f96 av-special-heading-h1  avia-builder-el-0  el_before_av_one_half  avia-builder-el-first '><h1 class='av-special-heading-tag'  itemprop="headline"  >Fred Industrial</h1><div class="special-heading-border"><div class="special-heading-inner-border"></div></div></div>

<style type="text/css" data-created_by="avia_inline_auto" id="style-css-av-av_one_half-79ff81c021393065cee878051452f6a6">
.flex_column.av-av_one_half-79ff81c021393065cee878051452f6a6{
-webkit-border-radius:0px 0px 0px 0px;
-moz-border-radius:0px 0px 0px 0px;
border-radius:0px 0px 0px 0px;
padding:0px 0px 0px 0px;
}
</style>
<div  class='flex_column av-av_one_half-79ff81c021393065cee878051452f6a6 av_one_half  avia-builder-el-1  el_after_av_heading  el_before_av_one_half  first flex_column_div av-zero-column-padding  '     ><section  class='av_textblock_section av-kotpm59g-2a3726292d1433c967049f79bf917ee8 '   itemscope="itemscope" itemtype="https://schema.org/CreativeWork" ><div class='avia_textblock'  itemprop="text" ><p>Especialistes a realitzar instal·lacions per a naus industrials, amb processos de producció que requereixin d&#8217;un sistema de refrigeració. Donant la millor solució per a cada cas.</p>
<p>Realitzem muntatges de plantes refredadores, forns d&#8217;assecat, climatització de naus mitjançant refredament adiabàtic, refrigeració de quadres elèctrics, etc…</p>
<p>Sabem l&#8217;important que és la refrigeració industrial. Les fallades de les plantes enfriadoras, càmeres, forns i qualsevol altra màquina, poden provocar interrupcions de producció. Provocant gravíssims problemes econòmics. És per això que Egarclima, ha de garantir als seus clients una intervenció en terminis inferiors a 24 h.</p>
</div></section></div>
<style type="text/css" data-created_by="avia_inline_auto" id="style-css-av-av_one_half-49f6e875884219cf77c24341e550af53">
.flex_column.av-av_one_half-49f6e875884219cf77c24341e550af53{
-webkit-border-radius:0px 0px 0px 0px;
-moz-border-radius:0px 0px 0px 0px;
border-radius:0px 0px 0px 0px;
padding:0px 0px 0px 0px;
}
</style>
<div  class='flex_column av-av_one_half-49f6e875884219cf77c24341e550af53 av_one_half  avia-builder-el-3  el_after_av_one_half  el_before_av_two_third  flex_column_div av-zero-column-padding  '     ><style type="text/css" data-created_by="avia_inline_auto" id="style-css-av-kotpz1jy-a99e18939a3cacf46b2ad1033b7c1a9a">
.avia-image-container.av-kotpz1jy-a99e18939a3cacf46b2ad1033b7c1a9a img.avia_image{
box-shadow:none;
}
.avia-image-container.av-kotpz1jy-a99e18939a3cacf46b2ad1033b7c1a9a .av-image-caption-overlay-center{
color:#ffffff;
}
</style>
<div  class='avia-image-container av-kotpz1jy-a99e18939a3cacf46b2ad1033b7c1a9a av-styling- avia-align-center  avia-builder-el-4  avia-builder-el-no-sibling '   itemprop="image" itemscope="itemscope" itemtype="https://schema.org/ImageObject" ><div class="avia-image-container-inner"><div class="avia-image-overlay-wrap"><img decoding="async" class='wp-image-376 avia-img-lazy-loading-not-376 avia_image ' src="https://egarclima.com/wp-content/uploads/2021/05/refrigeracion1_378918220.jpg" alt='' title=''  height="500" width="800"  itemprop="thumbnailUrl" srcset="https://egarclima.com/wp-content/uploads/2021/05/refrigeracion1_378918220.jpg 800w, https://egarclima.com/wp-content/uploads/2021/05/refrigeracion1_378918220-300x188.jpg 300w, https://egarclima.com/wp-content/uploads/2021/05/refrigeracion1_378918220-768x480.jpg 768w, https://egarclima.com/wp-content/uploads/2021/05/refrigeracion1_378918220-705x441.jpg 705w" sizes="(max-width: 800px) 100vw, 800px" /></div></div></div></div></p>

<style type="text/css" data-created_by="avia_inline_auto" id="style-css-av-av_two_third-79ff81c021393065cee878051452f6a6">
.flex_column.av-av_two_third-79ff81c021393065cee878051452f6a6{
-webkit-border-radius:0px 0px 0px 0px;
-moz-border-radius:0px 0px 0px 0px;
border-radius:0px 0px 0px 0px;
padding:0px 0px 0px 0px;
}
</style>
<div  class='flex_column av-av_two_third-79ff81c021393065cee878051452f6a6 av_two_third  avia-builder-el-5  el_after_av_one_half  el_before_av_one_third  first flex_column_div av-zero-column-padding  column-top-margin'     ><section  class='av_textblock_section av-kotpmlez-ab2ecd27473c64db6592dd0f47b51340 '   itemscope="itemscope" itemtype="https://schema.org/CreativeWork" ><div class='avia_textblock'  itemprop="text" ><div class="call-to-action__text">
<div class="call-to-action__text">
<h4 class="call-to-action__title">Necessites un professional que t&#8217;assessori sobre els nostres serveis?</h4>
<p class="call-to-action__subtitle hidden-xs">Contacta amb nosaltres i t&#8217;informarem sense compromís.</p>
</div>
</div>
</div></section></div>

<style type="text/css" data-created_by="avia_inline_auto" id="style-css-av-av_one_third-49f6e875884219cf77c24341e550af53">
.flex_column.av-av_one_third-49f6e875884219cf77c24341e550af53{
-webkit-border-radius:0px 0px 0px 0px;
-moz-border-radius:0px 0px 0px 0px;
border-radius:0px 0px 0px 0px;
padding:0px 0px 0px 0px;
}
</style>
<div  class='flex_column av-av_one_third-49f6e875884219cf77c24341e550af53 av_one_third  avia-builder-el-7  el_after_av_two_third  avia-builder-el-last  flex_column_div av-zero-column-padding  column-top-margin'     ><div  class='avia-button-wrap av-kotpn3wm-15bb0b28384935f800c154b859cb395a-wrap avia-button-center  avia-builder-el-8  avia-builder-el-no-sibling '><a href='https://egarclima.com/ca/contacte/'  class='avia-button av-kotpn3wm-15bb0b28384935f800c154b859cb395a avia-icon_select-no avia-size-large avia-position-center avia-color-theme-color'  ><span class='avia_iconbox_title' >Contacta’ns</span></a></div></div>

<!-- This site is optimized with the Yoast SEO plugin v20.9 - https://yoast.com/wordpress/plugins/seo/ -->
<title>Fred Industrial - EGARCLIMA</title>
<meta name="description" content="Especialistes a realitzar instal·lacions per a naus industrials, amb processos de producció que requereixin d’un sistema de refrigeració" />
<meta name="robots" content="index, follow, max-snippet:-1, max-image-preview:large, max-video-preview:-1" />
<link rel="canonical" href="https://egarclima.com/ca/serveis/fred-industrial/" />
<meta name="twitter:label1" content="Temps estimat de lectura" />
	<meta name="twitter:data1" content="4 minuts" />
<script type="application/ld+json" class="yoast-schema-graph">{"@context":"https://schema.org","@graph":[{"@type":"WebPage","@id":"https://egarclima.com/ca/serveis/fred-industrial/","url":"https://egarclima.com/ca/serveis/fred-industrial/","name":"Fred Industrial - EGARCLIMA","isPartOf":{"@id":"https://egarclima.com/#website"},"datePublished":"2021-05-18T07:06:10+00:00","dateModified":"2021-05-18T16:26:30+00:00","description":"Especialistes a realitzar instal·lacions per a naus industrials, amb processos de producció que requereixin d’un sistema de refrigeració","breadcrumb":{"@id":"https://egarclima.com/ca/serveis/fred-industrial/#breadcrumb"},"inLanguage":"ca","potentialAction":[{"@type":"ReadAction","target":["https://egarclima.com/ca/serveis/fred-industrial/"]}]},{"@type":"BreadcrumbList","@id":"https://egarclima.com/ca/serveis/fred-industrial/#breadcrumb","itemListElement":[{"@type":"ListItem","position":1,"name":"Portada","item":"https://egarclima.com/ca/"},{"@type":"ListItem","position":2,"name":"Serveis","item":"https://egarclima.com/ca/serveis/"},{"@type":"ListItem","position":3,"name":"Fred Industrial"}]},{"@type":"WebSite","@id":"https://egarclima.com/#website","url":"https://egarclima.com/","name":"EGARCLIMA","description":"EGARCLIMA","potentialAction":[{"@type":"SearchAction","target":{"@type":"EntryPoint","urlTemplate":"https://egarclima.com/?s={search_term_string}"},"query-input":"required name=search_term_string"}],"inLanguage":"ca"}]}</script>
<!-- / Yoast SEO plugin. -->

Especialistes a realitzar instal·lacions per a naus industrials, amb processos de producció que requereixin d’un sistema de refrigeració
