{"id":368,"date":"2021-05-18T09:06:15","date_gmt":"2021-05-18T07:06:15","guid":{"rendered":"https:\/\/egarclima.com\/medidas-preventivas-covid-19\/"},"modified":"2021-05-18T18:28:24","modified_gmt":"2021-05-18T16:28:24","slug":"mesures-preventives-covid-19","status":"publish","type":"page","link":"https:\/\/egarclima.com\/ca\/serveis\/mesures-preventives-covid-19\/","title":{"rendered":"Mesures Preventives COVID-19"},"content":{"rendered":"\n<style type=\"text\/css\" data-created_by=\"avia_inline_auto\" id=\"style-css-av-kou92wx8-09ae0ab45788c466f631455f16e6a627\">\n#top .av-special-heading.av-kou92wx8-09ae0ab45788c466f631455f16e6a627{\npadding-bottom:10px;\n}\nbody .av-special-heading.av-kou92wx8-09ae0ab45788c466f631455f16e6a627 .av-special-heading-tag .heading-char{\nfont-size:25px;\n}\n.av-special-heading.av-kou92wx8-09ae0ab45788c466f631455f16e6a627 .av-subheading{\nfont-size:15px;\n}\n<\/style>\n<div  class='av-special-heading av-kou92wx8-09ae0ab45788c466f631455f16e6a627 av-special-heading-h1  avia-builder-el-0  el_before_av_one_half  avia-builder-el-first '><h1 class='av-special-heading-tag'  itemprop=\"headline\"  >Mesures Preventives COVID-19<\/h1><div class=\"special-heading-border\"><div class=\"special-heading-inner-border\"><\/div><\/div><\/div>\n\n<style type=\"text\/css\" data-created_by=\"avia_inline_auto\" id=\"style-css-av-av_one_half-79ff81c021393065cee878051452f6a6\">\n.flex_column.av-av_one_half-79ff81c021393065cee878051452f6a6{\n-webkit-border-radius:0px 0px 0px 0px;\n-moz-border-radius:0px 0px 0px 0px;\nborder-radius:0px 0px 0px 0px;\npadding:0px 0px 0px 0px;\n}\n<\/style>\n<div  class='flex_column av-av_one_half-79ff81c021393065cee878051452f6a6 av_one_half  avia-builder-el-1  el_after_av_heading  el_before_av_one_half  first flex_column_div av-zero-column-padding  '     ><section  class='av_textblock_section av-kotpm59g-2a3726292d1433c967049f79bf917ee8 '   itemscope=\"itemscope\" itemtype=\"https:\/\/schema.org\/CreativeWork\" ><div class='avia_textblock'  itemprop=\"text\" ><p>1. Asseguri la ventilaci\u00f3 dels espais amb aire exterior.<\/p>\n<p>2. Canvieu la ventilaci\u00f3 a velocitat nominal al menys 2 hores abans de el temps d&#8217;\u00fas de l&#8217;edifici i canvi\u00ef a velocitat m\u00e9s baixa 2 hores despr\u00e9s de el temps d&#8217;\u00fas de l&#8217;edifici<\/p>\n<p>3. En les nits i caps de setmana, no apagui la ventilaci\u00f3, per\u00f2 mantingui els sistemes funcionant a menys velocitat.<\/p>\n<p>4. Asseguri una ventilaci\u00f3 regular amb finestres (fins i tot en edificis amb ventilaci\u00f3 mec\u00e0nica)<\/p>\n<p>5. Mantingui la ventilaci\u00f3 de l&#8217;inodor 24 hores \/ 7 dies en funcionament<\/p>\n<p>6. Eviteu obrir finestres en els inodors per assegurar la direcci\u00f3 correcta de ventilaci\u00f3.<\/p>\n<p>7. Indiqueu als ocupants de l&#8217;edifici que descarreguin els v\u00e0ters amb la tapa tancada<\/p>\n<p>8. Canvieu les unitats de tractament d&#8217;aire amb recirculaci\u00f3 a aire 100% exterior<\/p>\n<p>9. Inspeccioni l&#8217;equip de recuperaci\u00f3 de calor per a assegurar-se que les fuites estiguin sota control.<\/p>\n<p>10. Apagueu les bobines de l&#8217;ventilador o activeu perqu\u00e8 els ventiladors estiguin cont\u00ednuament encesos<\/p>\n<p>11. No canvieu els punts d&#8217;ajust de calefacci\u00f3, refrigeraci\u00f3 i possibles humectaciones.<\/p>\n<p>12. No planifiqui la neteja de conductes per a aquest per\u00edode<\/p>\n<p>13. Substitu\u00efu l&#8217;aire exterior central i traieu els filtres d&#8217;aire com de costum, d&#8217;acord amb el programa de manteniment<\/p>\n<p>14. Els treballs regulars de reempla\u00e7ament i manteniment de l&#8217;filtre es realitzaran amb mesures de protecci\u00f3 comunes, inclosa la protecci\u00f3 respirat\u00f2ria<\/p>\n<\/div><\/section><\/div>\n<style type=\"text\/css\" data-created_by=\"avia_inline_auto\" id=\"style-css-av-av_one_half-49f6e875884219cf77c24341e550af53\">\n.flex_column.av-av_one_half-49f6e875884219cf77c24341e550af53{\n-webkit-border-radius:0px 0px 0px 0px;\n-moz-border-radius:0px 0px 0px 0px;\nborder-radius:0px 0px 0px 0px;\npadding:0px 0px 0px 0px;\n}\n<\/style>\n<div  class='flex_column av-av_one_half-49f6e875884219cf77c24341e550af53 av_one_half  avia-builder-el-3  el_after_av_one_half  el_before_av_two_third  flex_column_div av-zero-column-padding  '     ><p>\n<style type=\"text\/css\" data-created_by=\"avia_inline_auto\" id=\"style-css-av-av_hr-5ea7596238ed9f191e6b5e662093052f\">\n#top .hr.hr-invisible.av-av_hr-5ea7596238ed9f191e6b5e662093052f{\nheight:30px;\n}\n<\/style>\n<div  class='hr av-av_hr-5ea7596238ed9f191e6b5e662093052f hr-invisible  avia-builder-el-4  el_before_av_image  avia-builder-el-first '><span class='hr-inner '><span class=\"hr-inner-style\"><\/span><\/span><\/div><br \/>\n\n<style type=\"text\/css\" data-created_by=\"avia_inline_auto\" id=\"style-css-av-kotq044m-c2a58eb9b0bcb10842a3a5d774ac0e04\">\n.avia-image-container.av-kotq044m-c2a58eb9b0bcb10842a3a5d774ac0e04 img.avia_image{\nbox-shadow:none;\n}\n.avia-image-container.av-kotq044m-c2a58eb9b0bcb10842a3a5d774ac0e04 .av-image-caption-overlay-center{\ncolor:#ffffff;\n}\n<\/style>\n<div  class='avia-image-container av-kotq044m-c2a58eb9b0bcb10842a3a5d774ac0e04 av-styling- avia-align-center  avia-builder-el-5  el_after_av_hr  avia-builder-el-last '   itemprop=\"image\" itemscope=\"itemscope\" itemtype=\"https:\/\/schema.org\/ImageObject\" ><div class=\"avia-image-container-inner\"><div class=\"avia-image-overlay-wrap\"><img decoding=\"async\" class='wp-image-392 avia-img-lazy-loading-not-392 avia_image ' src=\"https:\/\/egarclima.com\/wp-content\/uploads\/2021\/05\/virus-4937553_1280-845x683.jpg\" alt='' title=''  height=\"683\" width=\"845\"  itemprop=\"thumbnailUrl\" srcset=\"https:\/\/egarclima.com\/wp-content\/uploads\/2021\/05\/virus-4937553_1280-845x683.jpg 845w, https:\/\/egarclima.com\/wp-content\/uploads\/2021\/05\/virus-4937553_1280-495x400.jpg 495w\" sizes=\"(max-width: 845px) 100vw, 845px\" \/><\/div><\/div><\/div><\/p><\/div><\/p>\n\n<style type=\"text\/css\" data-created_by=\"avia_inline_auto\" id=\"style-css-av-av_two_third-79ff81c021393065cee878051452f6a6\">\n.flex_column.av-av_two_third-79ff81c021393065cee878051452f6a6{\n-webkit-border-radius:0px 0px 0px 0px;\n-moz-border-radius:0px 0px 0px 0px;\nborder-radius:0px 0px 0px 0px;\npadding:0px 0px 0px 0px;\n}\n<\/style>\n<div  class='flex_column av-av_two_third-79ff81c021393065cee878051452f6a6 av_two_third  avia-builder-el-6  el_after_av_one_half  el_before_av_one_third  first flex_column_div av-zero-column-padding  column-top-margin'     ><section  class='av_textblock_section av-kotpmlez-ab2ecd27473c64db6592dd0f47b51340 '   itemscope=\"itemscope\" itemtype=\"https:\/\/schema.org\/CreativeWork\" ><div class='avia_textblock'  itemprop=\"text\" ><div class=\"call-to-action__text\">\n<div class=\"call-to-action__text\">\n<h4 class=\"call-to-action__title\">Necessites un professional que t&#8217;assessori sobre els nostres serveis?<\/h4>\n<p class=\"call-to-action__subtitle hidden-xs\">Contacta amb nosaltres i t&#8217;informarem sense comprom\u00eds.<\/p>\n<\/div>\n<\/div>\n<\/div><\/section><\/div>\n\n<style type=\"text\/css\" data-created_by=\"avia_inline_auto\" id=\"style-css-av-av_one_third-49f6e875884219cf77c24341e550af53\">\n.flex_column.av-av_one_third-49f6e875884219cf77c24341e550af53{\n-webkit-border-radius:0px 0px 0px 0px;\n-moz-border-radius:0px 0px 0px 0px;\nborder-radius:0px 0px 0px 0px;\npadding:0px 0px 0px 0px;\n}\n<\/style>\n<div  class='flex_column av-av_one_third-49f6e875884219cf77c24341e550af53 av_one_third  avia-builder-el-8  el_after_av_two_third  avia-builder-el-last  flex_column_div av-zero-column-padding  column-top-margin'     ><div  class='avia-button-wrap av-kotpn3wm-15bb0b28384935f800c154b859cb395a-wrap avia-button-center  avia-builder-el-9  avia-builder-el-no-sibling '><a href='https:\/\/egarclima.com\/ca\/contacte\/'  class='avia-button av-kotpn3wm-15bb0b28384935f800c154b859cb395a avia-icon_select-no avia-size-large avia-position-center avia-color-theme-color'  ><span class='avia_iconbox_title' >Contacta\u2019ns<\/span><\/a><\/div><\/div>\n","protected":false},"excerpt":{"rendered":"","protected":false},"author":1,"featured_media":0,"parent":386,"menu_order":270,"comment_status":"closed","ping_status":"closed","template":"","meta":[],"yoast_head":"<!-- This site is optimized with the Yoast SEO plugin v20.9 - https:\/\/yoast.com\/wordpress\/plugins\/seo\/ -->\n<title>Mesures Preventives COVID-19 - EGARCLIMA<\/title>\n<meta name=\"description\" content=\"Mesures Preventives COVID-19 1. Asseguri la ventilaci\u00f3 dels espais amb aire exterior. 2. Canvieu la ventilaci\u00f3 a velocitat nominal al menys 2 hores\" \/>\n<meta name=\"robots\" content=\"index, follow, max-snippet:-1, max-image-preview:large, max-video-preview:-1\" \/>\n<link rel=\"canonical\" href=\"https:\/\/egarclima.com\/ca\/serveis\/mesures-preventives-covid-19\/\" \/>\n<meta name=\"twitter:label1\" content=\"Temps estimat de lectura\" \/>\n\t<meta name=\"twitter:data1\" content=\"5 minuts\" \/>\n<script type=\"application\/ld+json\" class=\"yoast-schema-graph\">{\"@context\":\"https:\/\/schema.org\",\"@graph\":[{\"@type\":\"WebPage\",\"@id\":\"https:\/\/egarclima.com\/ca\/serveis\/mesures-preventives-covid-19\/\",\"url\":\"https:\/\/egarclima.com\/ca\/serveis\/mesures-preventives-covid-19\/\",\"name\":\"Mesures Preventives COVID-19 - EGARCLIMA\",\"isPartOf\":{\"@id\":\"https:\/\/egarclima.com\/#website\"},\"datePublished\":\"2021-05-18T07:06:15+00:00\",\"dateModified\":\"2021-05-18T16:28:24+00:00\",\"description\":\"Mesures Preventives COVID-19 1. Asseguri la ventilaci\u00f3 dels espais amb aire exterior. 2. Canvieu la ventilaci\u00f3 a velocitat nominal al menys 2 hores\",\"breadcrumb\":{\"@id\":\"https:\/\/egarclima.com\/ca\/serveis\/mesures-preventives-covid-19\/#breadcrumb\"},\"inLanguage\":\"ca\",\"potentialAction\":[{\"@type\":\"ReadAction\",\"target\":[\"https:\/\/egarclima.com\/ca\/serveis\/mesures-preventives-covid-19\/\"]}]},{\"@type\":\"BreadcrumbList\",\"@id\":\"https:\/\/egarclima.com\/ca\/serveis\/mesures-preventives-covid-19\/#breadcrumb\",\"itemListElement\":[{\"@type\":\"ListItem\",\"position\":1,\"name\":\"Portada\",\"item\":\"https:\/\/egarclima.com\/ca\/\"},{\"@type\":\"ListItem\",\"position\":2,\"name\":\"Serveis\",\"item\":\"https:\/\/egarclima.com\/ca\/serveis\/\"},{\"@type\":\"ListItem\",\"position\":3,\"name\":\"Mesures Preventives COVID-19\"}]},{\"@type\":\"WebSite\",\"@id\":\"https:\/\/egarclima.com\/#website\",\"url\":\"https:\/\/egarclima.com\/\",\"name\":\"EGARCLIMA\",\"description\":\"EGARCLIMA\",\"potentialAction\":[{\"@type\":\"SearchAction\",\"target\":{\"@type\":\"EntryPoint\",\"urlTemplate\":\"https:\/\/egarclima.com\/?s={search_term_string}\"},\"query-input\":\"required name=search_term_string\"}],\"inLanguage\":\"ca\"}]}<\/script>\n<!-- \/ Yoast SEO plugin. -->","yoast_head_json":{"title":"Mesures Preventives COVID-19 - EGARCLIMA","description":"Mesures Preventives COVID-19 1. Asseguri la ventilaci\u00f3 dels espais amb aire exterior. 2. Canvieu la ventilaci\u00f3 a velocitat nominal al menys 2 hores","robots":{"index":"index","follow":"follow","max-snippet":"max-snippet:-1","max-image-preview":"max-image-preview:large","max-video-preview":"max-video-preview:-1"},"canonical":"https:\/\/egarclima.com\/ca\/serveis\/mesures-preventives-covid-19\/","twitter_misc":{"Temps estimat de lectura":"5 minuts"},"schema":{"@context":"https:\/\/schema.org","@graph":[{"@type":"WebPage","@id":"https:\/\/egarclima.com\/ca\/serveis\/mesures-preventives-covid-19\/","url":"https:\/\/egarclima.com\/ca\/serveis\/mesures-preventives-covid-19\/","name":"Mesures Preventives COVID-19 - EGARCLIMA","isPartOf":{"@id":"https:\/\/egarclima.com\/#website"},"datePublished":"2021-05-18T07:06:15+00:00","dateModified":"2021-05-18T16:28:24+00:00","description":"Mesures Preventives COVID-19 1. Asseguri la ventilaci\u00f3 dels espais amb aire exterior. 2. Canvieu la ventilaci\u00f3 a velocitat nominal al menys 2 hores","breadcrumb":{"@id":"https:\/\/egarclima.com\/ca\/serveis\/mesures-preventives-covid-19\/#breadcrumb"},"inLanguage":"ca","potentialAction":[{"@type":"ReadAction","target":["https:\/\/egarclima.com\/ca\/serveis\/mesures-preventives-covid-19\/"]}]},{"@type":"BreadcrumbList","@id":"https:\/\/egarclima.com\/ca\/serveis\/mesures-preventives-covid-19\/#breadcrumb","itemListElement":[{"@type":"ListItem","position":1,"name":"Portada","item":"https:\/\/egarclima.com\/ca\/"},{"@type":"ListItem","position":2,"name":"Serveis","item":"https:\/\/egarclima.com\/ca\/serveis\/"},{"@type":"ListItem","position":3,"name":"Mesures Preventives COVID-19"}]},{"@type":"WebSite","@id":"https:\/\/egarclima.com\/#website","url":"https:\/\/egarclima.com\/","name":"EGARCLIMA","description":"EGARCLIMA","potentialAction":[{"@type":"SearchAction","target":{"@type":"EntryPoint","urlTemplate":"https:\/\/egarclima.com\/?s={search_term_string}"},"query-input":"required name=search_term_string"}],"inLanguage":"ca"}]}},"_links":{"self":[{"href":"https:\/\/egarclima.com\/ca\/wp-json\/wp\/v2\/pages\/368"}],"collection":[{"href":"https:\/\/egarclima.com\/ca\/wp-json\/wp\/v2\/pages"}],"about":[{"href":"https:\/\/egarclima.com\/ca\/wp-json\/wp\/v2\/types\/page"}],"author":[{"embeddable":true,"href":"https:\/\/egarclima.com\/ca\/wp-json\/wp\/v2\/users\/1"}],"replies":[{"embeddable":true,"href":"https:\/\/egarclima.com\/ca\/wp-json\/wp\/v2\/comments?post=368"}],"version-history":[{"count":5,"href":"https:\/\/egarclima.com\/ca\/wp-json\/wp\/v2\/pages\/368\/revisions"}],"predecessor-version":[{"id":510,"href":"https:\/\/egarclima.com\/ca\/wp-json\/wp\/v2\/pages\/368\/revisions\/510"}],"up":[{"embeddable":true,"href":"https:\/\/egarclima.com\/ca\/wp-json\/wp\/v2\/pages\/386"}],"wp:attachment":[{"href":"https:\/\/egarclima.com\/ca\/wp-json\/wp\/v2\/media?parent=368"}],"curies":[{"name":"wp","href":"https:\/\/api.w.org\/{rel}","templated":true}]}}

<style type="text/css" data-created_by="avia_inline_auto" id="style-css-av-kou92wx8-09ae0ab45788c466f631455f16e6a627">
#top .av-special-heading.av-kou92wx8-09ae0ab45788c466f631455f16e6a627{
padding-bottom:10px;
}
body .av-special-heading.av-kou92wx8-09ae0ab45788c466f631455f16e6a627 .av-special-heading-tag .heading-char{
font-size:25px;
}
.av-special-heading.av-kou92wx8-09ae0ab45788c466f631455f16e6a627 .av-subheading{
font-size:15px;
}
</style>
<div  class='av-special-heading av-kou92wx8-09ae0ab45788c466f631455f16e6a627 av-special-heading-h1  avia-builder-el-0  el_before_av_one_half  avia-builder-el-first '><h1 class='av-special-heading-tag'  itemprop="headline"  >Mesures Preventives COVID-19</h1><div class="special-heading-border"><div class="special-heading-inner-border"></div></div></div>

<style type="text/css" data-created_by="avia_inline_auto" id="style-css-av-av_one_half-79ff81c021393065cee878051452f6a6">
.flex_column.av-av_one_half-79ff81c021393065cee878051452f6a6{
-webkit-border-radius:0px 0px 0px 0px;
-moz-border-radius:0px 0px 0px 0px;
border-radius:0px 0px 0px 0px;
padding:0px 0px 0px 0px;
}
</style>
<div  class='flex_column av-av_one_half-79ff81c021393065cee878051452f6a6 av_one_half  avia-builder-el-1  el_after_av_heading  el_before_av_one_half  first flex_column_div av-zero-column-padding  '     ><section  class='av_textblock_section av-kotpm59g-2a3726292d1433c967049f79bf917ee8 '   itemscope="itemscope" itemtype="https://schema.org/CreativeWork" ><div class='avia_textblock'  itemprop="text" ><p>1. Asseguri la ventilació dels espais amb aire exterior.</p>
<p>2. Canvieu la ventilació a velocitat nominal al menys 2 hores abans de el temps d&#8217;ús de l&#8217;edifici i canviï a velocitat més baixa 2 hores després de el temps d&#8217;ús de l&#8217;edifici</p>
<p>3. En les nits i caps de setmana, no apagui la ventilació, però mantingui els sistemes funcionant a menys velocitat.</p>
<p>4. Asseguri una ventilació regular amb finestres (fins i tot en edificis amb ventilació mecànica)</p>
<p>5. Mantingui la ventilació de l&#8217;inodor 24 hores / 7 dies en funcionament</p>
<p>6. Eviteu obrir finestres en els inodors per assegurar la direcció correcta de ventilació.</p>
<p>7. Indiqueu als ocupants de l&#8217;edifici que descarreguin els vàters amb la tapa tancada</p>
<p>8. Canvieu les unitats de tractament d&#8217;aire amb recirculació a aire 100% exterior</p>
<p>9. Inspeccioni l&#8217;equip de recuperació de calor per a assegurar-se que les fuites estiguin sota control.</p>
<p>10. Apagueu les bobines de l&#8217;ventilador o activeu perquè els ventiladors estiguin contínuament encesos</p>
<p>11. No canvieu els punts d&#8217;ajust de calefacció, refrigeració i possibles humectaciones.</p>
<p>12. No planifiqui la neteja de conductes per a aquest període</p>
<p>13. Substituïu l&#8217;aire exterior central i traieu els filtres d&#8217;aire com de costum, d&#8217;acord amb el programa de manteniment</p>
<p>14. Els treballs regulars de reemplaçament i manteniment de l&#8217;filtre es realitzaran amb mesures de protecció comunes, inclosa la protecció respiratòria</p>
</div></section></div>
<style type="text/css" data-created_by="avia_inline_auto" id="style-css-av-av_one_half-49f6e875884219cf77c24341e550af53">
.flex_column.av-av_one_half-49f6e875884219cf77c24341e550af53{
-webkit-border-radius:0px 0px 0px 0px;
-moz-border-radius:0px 0px 0px 0px;
border-radius:0px 0px 0px 0px;
padding:0px 0px 0px 0px;
}
</style>
<div  class='flex_column av-av_one_half-49f6e875884219cf77c24341e550af53 av_one_half  avia-builder-el-3  el_after_av_one_half  el_before_av_two_third  flex_column_div av-zero-column-padding  '     ><p>
<style type="text/css" data-created_by="avia_inline_auto" id="style-css-av-av_hr-5ea7596238ed9f191e6b5e662093052f">
#top .hr.hr-invisible.av-av_hr-5ea7596238ed9f191e6b5e662093052f{
height:30px;
}
</style>
<div  class='hr av-av_hr-5ea7596238ed9f191e6b5e662093052f hr-invisible  avia-builder-el-4  el_before_av_image  avia-builder-el-first '><span class='hr-inner '><span class="hr-inner-style"></span></span></div><br />

<style type="text/css" data-created_by="avia_inline_auto" id="style-css-av-kotq044m-c2a58eb9b0bcb10842a3a5d774ac0e04">
.avia-image-container.av-kotq044m-c2a58eb9b0bcb10842a3a5d774ac0e04 img.avia_image{
box-shadow:none;
}
.avia-image-container.av-kotq044m-c2a58eb9b0bcb10842a3a5d774ac0e04 .av-image-caption-overlay-center{
color:#ffffff;
}
</style>
<div  class='avia-image-container av-kotq044m-c2a58eb9b0bcb10842a3a5d774ac0e04 av-styling- avia-align-center  avia-builder-el-5  el_after_av_hr  avia-builder-el-last '   itemprop="image" itemscope="itemscope" itemtype="https://schema.org/ImageObject" ><div class="avia-image-container-inner"><div class="avia-image-overlay-wrap"><img decoding="async" class='wp-image-392 avia-img-lazy-loading-not-392 avia_image ' src="https://egarclima.com/wp-content/uploads/2021/05/virus-4937553_1280-845x683.jpg" alt='' title=''  height="683" width="845"  itemprop="thumbnailUrl" srcset="https://egarclima.com/wp-content/uploads/2021/05/virus-4937553_1280-845x683.jpg 845w, https://egarclima.com/wp-content/uploads/2021/05/virus-4937553_1280-495x400.jpg 495w" sizes="(max-width: 845px) 100vw, 845px" /></div></div></div></p></div></p>

<style type="text/css" data-created_by="avia_inline_auto" id="style-css-av-av_two_third-79ff81c021393065cee878051452f6a6">
.flex_column.av-av_two_third-79ff81c021393065cee878051452f6a6{
-webkit-border-radius:0px 0px 0px 0px;
-moz-border-radius:0px 0px 0px 0px;
border-radius:0px 0px 0px 0px;
padding:0px 0px 0px 0px;
}
</style>
<div  class='flex_column av-av_two_third-79ff81c021393065cee878051452f6a6 av_two_third  avia-builder-el-6  el_after_av_one_half  el_before_av_one_third  first flex_column_div av-zero-column-padding  column-top-margin'     ><section  class='av_textblock_section av-kotpmlez-ab2ecd27473c64db6592dd0f47b51340 '   itemscope="itemscope" itemtype="https://schema.org/CreativeWork" ><div class='avia_textblock'  itemprop="text" ><div class="call-to-action__text">
<div class="call-to-action__text">
<h4 class="call-to-action__title">Necessites un professional que t&#8217;assessori sobre els nostres serveis?</h4>
<p class="call-to-action__subtitle hidden-xs">Contacta amb nosaltres i t&#8217;informarem sense compromís.</p>
</div>
</div>
</div></section></div>

<style type="text/css" data-created_by="avia_inline_auto" id="style-css-av-av_one_third-49f6e875884219cf77c24341e550af53">
.flex_column.av-av_one_third-49f6e875884219cf77c24341e550af53{
-webkit-border-radius:0px 0px 0px 0px;
-moz-border-radius:0px 0px 0px 0px;
border-radius:0px 0px 0px 0px;
padding:0px 0px 0px 0px;
}
</style>
<div  class='flex_column av-av_one_third-49f6e875884219cf77c24341e550af53 av_one_third  avia-builder-el-8  el_after_av_two_third  avia-builder-el-last  flex_column_div av-zero-column-padding  column-top-margin'     ><div  class='avia-button-wrap av-kotpn3wm-15bb0b28384935f800c154b859cb395a-wrap avia-button-center  avia-builder-el-9  avia-builder-el-no-sibling '><a href='https://egarclima.com/ca/contacte/'  class='avia-button av-kotpn3wm-15bb0b28384935f800c154b859cb395a avia-icon_select-no avia-size-large avia-position-center avia-color-theme-color'  ><span class='avia_iconbox_title' >Contacta’ns</span></a></div></div>

<!-- This site is optimized with the Yoast SEO plugin v20.9 - https://yoast.com/wordpress/plugins/seo/ -->
<title>Mesures Preventives COVID-19 - EGARCLIMA</title>
<meta name="description" content="Mesures Preventives COVID-19 1. Asseguri la ventilació dels espais amb aire exterior. 2. Canvieu la ventilació a velocitat nominal al menys 2 hores" />
<meta name="robots" content="index, follow, max-snippet:-1, max-image-preview:large, max-video-preview:-1" />
<link rel="canonical" href="https://egarclima.com/ca/serveis/mesures-preventives-covid-19/" />
<meta name="twitter:label1" content="Temps estimat de lectura" />
	<meta name="twitter:data1" content="5 minuts" />
<script type="application/ld+json" class="yoast-schema-graph">{"@context":"https://schema.org","@graph":[{"@type":"WebPage","@id":"https://egarclima.com/ca/serveis/mesures-preventives-covid-19/","url":"https://egarclima.com/ca/serveis/mesures-preventives-covid-19/","name":"Mesures Preventives COVID-19 - EGARCLIMA","isPartOf":{"@id":"https://egarclima.com/#website"},"datePublished":"2021-05-18T07:06:15+00:00","dateModified":"2021-05-18T16:28:24+00:00","description":"Mesures Preventives COVID-19 1. Asseguri la ventilació dels espais amb aire exterior. 2. Canvieu la ventilació a velocitat nominal al menys 2 hores","breadcrumb":{"@id":"https://egarclima.com/ca/serveis/mesures-preventives-covid-19/#breadcrumb"},"inLanguage":"ca","potentialAction":[{"@type":"ReadAction","target":["https://egarclima.com/ca/serveis/mesures-preventives-covid-19/"]}]},{"@type":"BreadcrumbList","@id":"https://egarclima.com/ca/serveis/mesures-preventives-covid-19/#breadcrumb","itemListElement":[{"@type":"ListItem","position":1,"name":"Portada","item":"https://egarclima.com/ca/"},{"@type":"ListItem","position":2,"name":"Serveis","item":"https://egarclima.com/ca/serveis/"},{"@type":"ListItem","position":3,"name":"Mesures Preventives COVID-19"}]},{"@type":"WebSite","@id":"https://egarclima.com/#website","url":"https://egarclima.com/","name":"EGARCLIMA","description":"EGARCLIMA","potentialAction":[{"@type":"SearchAction","target":{"@type":"EntryPoint","urlTemplate":"https://egarclima.com/?s={search_term_string}"},"query-input":"required name=search_term_string"}],"inLanguage":"ca"}]}</script>
<!-- / Yoast SEO plugin. -->

Mesures Preventives COVID-19 1. Asseguri la ventilació dels espais amb aire exterior. 2. Canvieu la ventilació a velocitat nominal al menys 2 hores
